{"id":40,"date":"2020-04-27T21:28:42","date_gmt":"2020-04-27T21:28:42","guid":{"rendered":"https:\/\/ryancv-demo.bslthemes.com\/?page_id=29"},"modified":"2026-03-11T16:02:48","modified_gmt":"2026-03-11T15:02:48","slug":"home","status":"publish","type":"page","link":"https:\/\/audreybecaert.com\/","title":{"rendered":"Home"},"content":{"rendered":"\t\t<div data-elementor-type=\"wp-page\" data-elementor-id=\"40\" class=\"elementor elementor-40\">\n\t\t\t\t\t\t<section class=\"elementor-section elementor-top-section elementor-element elementor-element-58408af8 elementor-section-full_width elementor-section-height-default elementor-section-height-default\" data-id=\"58408af8\" data-element_type=\"section\" data-e-type=\"section\">\n\t\t\t\t\t\t<div class=\"elementor-container elementor-column-gap-default\">\n\t\t\t\t\t<div class=\"elementor-column elementor-col-100 elementor-top-column elementor-element elementor-element-2eccc1ee\" data-id=\"2eccc1ee\" data-element_type=\"column\" data-e-type=\"column\">\n\t\t\t<div class=\"elementor-widget-wrap elementor-element-populated\">\n\t\t\t\t\t\t<div class=\"elementor-element elementor-element-49f38ab elementor-widget elementor-widget-heading\" data-id=\"49f38ab\" data-element_type=\"widget\" data-e-type=\"widget\" data-widget_type=\"heading.default\">\n\t\t\t\t\t<h5 class=\"elementor-heading-title elementor-size-default\">Bonjour et bienvenue !<\/h5>\t\t\t\t<\/div>\n\t\t\t\t<div class=\"elementor-element elementor-element-23c2d50 elementor-widget elementor-widget-ryancv-hero\" data-id=\"23c2d50\" data-element_type=\"widget\" data-e-type=\"widget\" data-widget_type=\"ryancv-hero.default\">\n\t\t\t\t<div class=\"elementor-widget-container\">\n\t\t\t\t\t\n\t\t<!-- Hero -->\n\t\t<div class=\"ar-hero\">\n\t\t\t\t\t\t<div class=\"ar-h-subtitle\">\n\t\t\t\t\t\t\t\t<span class=\"ar-headline\">Vous y d\u00e9couvrirez sur ce site la pr\u00e9sentation de<\/span>\n\t\t\t\t\t\t\t\t\t\t\t\t<span class=\"ar-headline ar-words-wrapper\">\n\t\t\t\t\t\t\t\t\t\t<span class=\"ar-word is-hidden\"> mon parcours professionnel<\/span>\n\t\t\t\t\t\t\t\t\t\t<span class=\"ar-word is-hidden\">mes comp\u00e9tences<\/span>\n\t\t\t\t\t\t\t\t\t\t<span class=\"ar-word is-hidden\">mes savoir-faire<\/span>\n\t\t\t\t\t\t\t\t\t\t<span class=\"ar-word is-hidden\">mes savoir-\u00eatre<\/span>\n\t\t\t\t\t\t\t\t\t\t<span class=\"ar-word is-hidden\">ainsi qu\u2019un aper\u00e7u de mon portfolio.<\/span>\n\t\t\t\t\t\t\t\t\t<\/span>\n\t\t\t\t\t\t\t<\/div>\n\t\t\t\t\t\t\t\t\t\t\t<\/div>\n\n\t\t\t\t\t\t<\/div>\n\t\t\t\t<\/div>\n\t\t\t\t<div class=\"elementor-element elementor-element-1e7f2f7 elementor-widget elementor-widget-ryancv-hero\" data-id=\"1e7f2f7\" data-element_type=\"widget\" data-e-type=\"widget\" data-widget_type=\"ryancv-hero.default\">\n\t\t\t\t<div class=\"elementor-widget-container\">\n\t\t\t\t\t\n\t\t<!-- Hero -->\n\t\t<div class=\"ar-hero\">\n\t\t\t\t\t\t<div class=\"ar-h-subtitle\">\n\t\t\t\t\t\t\t\t<span class=\"ar-headline\">Mon objectif est de partager mon exp\u00e9rience et mes r\u00e9alisations, afin de mettre en valeur mon expertise et ma vision professionnelle.<\/span>\n\t\t\t\t\t\t\t\t\t\t\t<\/div>\n\t\t\t\t\t\t\t\t\t<h1 class=\"ar-h-title\">\n\t\t\t\t<span >Cr\u00e9atrice d'image pour une communication <span class=\"bord\">unique<\/span>  et <span class=\"bord\">innovante<\/span><\/span>\n\t\t\t<\/h1>\n\t\t\t\t\t\t\t\t\t<div class=\"ar-text\">\n\t\t\t\t<div ><p>Crayon en main depuis toute petite, j'\u00e9tabli les contours de ma curiosit\u00e9. Guid\u00e9e par des valeurs d\u2019int\u00e9grit\u00e9, d\u2019excellence et d\u2019authenticit\u00e9 et ma volont\u00e9 de surpasser les attentes, ma cr\u00e9ativit\u00e9 fait aujourd\u2019hui ce je suis.<\/p><\/div>\n\t\t\t<\/div>\n\t\t\t\t\t<\/div>\n\n\t\t\t\t\t\t<\/div>\n\t\t\t\t<\/div>\n\t\t\t\t\t<\/div>\n\t\t<\/div>\n\t\t\t\t\t<\/div>\n\t\t<\/section>\n\t\t\t\t<section class=\"elementor-section elementor-top-section elementor-element elementor-element-9240a95 elementor-section-full_width elementor-section-height-default elementor-section-height-default\" data-id=\"9240a95\" data-element_type=\"section\" data-e-type=\"section\">\n\t\t\t\t\t\t<div class=\"elementor-container elementor-column-gap-default\">\n\t\t\t\t\t<div class=\"elementor-column elementor-col-33 elementor-top-column elementor-element elementor-element-8322da0\" data-id=\"8322da0\" data-element_type=\"column\" data-e-type=\"column\">\n\t\t\t<div class=\"elementor-widget-wrap elementor-element-populated\">\n\t\t\t\t\t\t<div class=\"elementor-element elementor-element-e4e9a16 elementor-widget elementor-widget-ryancv-numbers\" data-id=\"e4e9a16\" data-element_type=\"widget\" data-e-type=\"widget\" data-widget_type=\"ryancv-numbers.default\">\n\t\t\t\t<div class=\"elementor-widget-container\">\n\t\t\t\t\t\n\t\t<!-- Numbers -->\n\t\t<div class=\"ar-stats\">\n\t\t\t\t\t\t<h6 class=\"num\">\n\t\t\t\t<span >+9<\/span>\n\t\t\t<\/h6>\n\t\t\t\t\t\t\t\t\t<p>\n\t\t\t\t<span >ans <br>d'exp\u00e9rience<\/span>\n\t\t\t<\/p>\n\t\t\t\t\t<\/div>\n\n\t\t\t\t\t\t<\/div>\n\t\t\t\t<\/div>\n\t\t\t\t\t<\/div>\n\t\t<\/div>\n\t\t\t\t<div class=\"elementor-column elementor-col-33 elementor-top-column elementor-element elementor-element-56267d4\" data-id=\"56267d4\" data-element_type=\"column\" data-e-type=\"column\">\n\t\t\t<div class=\"elementor-widget-wrap elementor-element-populated\">\n\t\t\t\t\t\t<div class=\"elementor-element elementor-element-79a9091 elementor-widget elementor-widget-ryancv-numbers\" data-id=\"79a9091\" data-element_type=\"widget\" data-e-type=\"widget\" data-widget_type=\"ryancv-numbers.default\">\n\t\t\t\t<div class=\"elementor-widget-container\">\n\t\t\t\t\t\n\t\t<!-- Numbers -->\n\t\t<div class=\"ar-stats\">\n\t\t\t\t\t\t<h6 class=\"num\">\n\t\t\t\t<span >+200<\/span>\n\t\t\t<\/h6>\n\t\t\t\t\t\t\t\t\t<p>\n\t\t\t\t<span >projets <br>termin\u00e9s<\/span>\n\t\t\t<\/p>\n\t\t\t\t\t<\/div>\n\n\t\t\t\t\t\t<\/div>\n\t\t\t\t<\/div>\n\t\t\t\t\t<\/div>\n\t\t<\/div>\n\t\t\t\t<div class=\"elementor-column elementor-col-33 elementor-top-column elementor-element elementor-element-f7d0ee6\" data-id=\"f7d0ee6\" data-element_type=\"column\" data-e-type=\"column\">\n\t\t\t<div class=\"elementor-widget-wrap elementor-element-populated\">\n\t\t\t\t\t\t<div class=\"elementor-element elementor-element-025bb3b elementor-widget elementor-widget-ryancv-numbers\" data-id=\"025bb3b\" data-element_type=\"widget\" data-e-type=\"widget\" data-widget_type=\"ryancv-numbers.default\">\n\t\t\t\t<div class=\"elementor-widget-container\">\n\t\t\t\t\t\n\t\t<!-- Numbers -->\n\t\t<div class=\"ar-stats\">\n\t\t\t\t\t\t<h6 class=\"num\">\n\t\t\t\t<span >+50<\/span>\n\t\t\t<\/h6>\n\t\t\t\t\t\t\t\t\t<p>\n\t\t\t\t<span >logos <br>r\u00e9alis\u00e9es<\/span>\n\t\t\t<\/p>\n\t\t\t\t\t<\/div>\n\n\t\t\t\t\t\t<\/div>\n\t\t\t\t<\/div>\n\t\t\t\t\t<\/div>\n\t\t<\/div>\n\t\t\t\t\t<\/div>\n\t\t<\/section>\n\t\t\t\t<\/div>\n\t\t","protected":false},"excerpt":{"rendered":"<p>Bonjour et bienvenue ! Vous y d\u00e9couvrirez sur ce site la pr\u00e9sentation de mon parcours professionnel mes comp\u00e9tences mes savoir-faire&#8230;<\/p>\n","protected":false},"author":1,"featured_media":0,"parent":0,"menu_order":0,"comment_status":"closed","ping_status":"closed","template":"template-elementor-builder.php","meta":{"_acf_changed":false,"footnotes":""},"class_list":["post-40","page","type-page","status-publish","hentry"],"acf":[],"_links":{"self":[{"href":"https:\/\/audreybecaert.com\/index.php?rest_route=\/wp\/v2\/pages\/40","targetHints":{"allow":["GET"]}}],"collection":[{"href":"https:\/\/audreybecaert.com\/index.php?rest_route=\/wp\/v2\/pages"}],"about":[{"href":"https:\/\/audreybecaert.com\/index.php?rest_route=\/wp\/v2\/types\/page"}],"author":[{"embeddable":true,"href":"https:\/\/audreybecaert.com\/index.php?rest_route=\/wp\/v2\/users\/1"}],"replies":[{"embeddable":true,"href":"https:\/\/audreybecaert.com\/index.php?rest_route=%2Fwp%2Fv2%2Fcomments&post=40"}],"version-history":[{"count":33,"href":"https:\/\/audreybecaert.com\/index.php?rest_route=\/wp\/v2\/pages\/40\/revisions"}],"predecessor-version":[{"id":3989,"href":"https:\/\/audreybecaert.com\/index.php?rest_route=\/wp\/v2\/pages\/40\/revisions\/3989"}],"wp:attachment":[{"href":"https:\/\/audreybecaert.com\/index.php?rest_route=%2Fwp%2Fv2%2Fmedia&parent=40"}],"curies":[{"name":"wp","href":"https:\/\/api.w.org\/{rel}","templated":true}]}}